et k be (-147)/(-66)*8 + i/33. Let j be (-2)/(-6) + (-322)/(-6). What is the greatest common factor of j and k?
18
Let r(x) = 2*x**3 - 24*x**2 - 5*x - 99. Let t be r(13). What is the highest common divisor of t and 6467?
29
Suppose 4*d + 3*k + 639 - 8563 = 0, 5*d + 4*k - 9907 = 0. Calculate the greatest common factor of d and 100.
25
Suppose k = 3*k - 108. Suppose -5*h - k + 829 = 0. Suppose f + h = 3*u, 3*f + 74 = -3*u + 221. What is the highest common divisor of 17 and u?
17
Let s be (-9256)/(-9345) + 12/(-14) + 2098/15. Let j = 33 - 13. Calculate the greatest common divisor of j and s.
20
Let o(g) = 2*g**2 - 27*g - 702. Let a be o(-15). Calculate the highest common divisor of 51 and a.
51
Let g(x) = -12*x + 155. Let b be g(13). Let n be (53 + -55)/(b + (-4)/(-6)). What is the greatest common factor of 129 and n?
3
Let w = 69 + -65. Let x be (2/(-3))/(2/(-3)). Let p be ((w - -4) + -4)/x. What is the highest common divisor of 40 and p?
4
Let r be (-15)/(-20)*4 - 3. Suppose 5 = j - r. Let h be j/((-94)/48 + 2). Calculate the highest common factor of h and 12.
12
Suppose 0 = 45*v - 18*v + 5697. Let y = -66 - v. Calculate the highest common divisor of y and 116.
29
Let g be ((-459)/85 - -6) + 4222/5. Calculate the greatest common divisor of g and 25.
5
Suppose 1444 = 112*z - 1400 - 292. Let j(s) = 28*s. Let l be j(1). Calculate the highest common factor of z and l.
28
Suppose 0 = -5*z - 2*m + 916, 2*m = 3*z - 280 - 276. Let a be (-6 - 8/(-4))*16/(-2). What is the highest common factor of a and z?
8
Suppose 27*y + 45843 = 116*y + 22*y. What is the highest common factor of 590 and y?
59
Let d(k) = 11*k - k**3 + 12*k**2 - 3*k**2 - 27*k**2 - k**3 - 44 + 4*k**3. Let n be d(9). What is the highest common factor of 220 and n?
55
Suppose 3*d = -843 + 237. Let j = -158 - d. Calculate the highest common factor of j and 198.
22
Let r(l) = -11*l**3 + l**2 - l - 2. Let o = 134 - 135. Let j be r(o). Let q be ((-16)/(-2))/((-4)/(-22)). Calculate the greatest common factor of q and j.
11
Let s = -97 + 827. What is the highest common divisor of 130 and s?
10
Let c = -83 - -89. Let k be (2 + 190)*((-40)/16 + 3). Calculate the highest common factor of k and c.
6
Suppose 5*w - 22772 = -4*m, -69*w + 74*w = 3*m + 22821. What is the greatest common divisor of w and 960?
240
Let y(v) = 2*v**2 + 334*v + 86. Let n be y(0). Calculate the highest common divisor of n and 817.
43
Let i be (-4)/(5/(-10)*2). Let a be ((-5 - -3) + i)*(15 - 3). What is the highest common factor of 156 and a?
12
Suppose 57*u = 10*u + 2115. Let x = 79 - -86. What is the greatest common divisor of u and x?
15
Let p(v) = -34*v + 1617. Let w be p(42). Calculate the highest common factor of 45 and w.
9
Let q be (-22778)/(-91) + 28/(-91). What is the greatest common factor of q and 200?
50
Let c be (-4)/2 + 1 + -1. Let r be (c - -1) + 0 - -22. Let z = 2818 + -2790. Calculate the greatest common divisor of r and z.
7
Let m(s) = 8*s - 28. Let v be m(22). Suppose -141*l - 42 = -v*l. Calculate the highest common divisor of l and 30.
6
Let c(t) = -t**3 + 10*t**2 + 25*t - 210. Let d be c(8). Let f = -220 + 109. Let n = f + d. Calculate the highest common divisor of 2 and n.
1
Let u = 12911 + -12898. Let d be 610 - -2*(-2)/(-4). Calculate the greatest common factor of d and u.
13
Suppose -6 = -5*u + 3*y, -u + y - 6 + 8 = 0. Suppose u = -0*m - 5*m + 240. What is the highest common factor of 144 and m?
48
Let y be -21*-4*(-4)/(-112). Let m be 375/20 + (-30)/8 + y. What is the highest common factor of m and 450?
18
Suppose 25 = 2*o + 17. Suppose o*f - 7*x + 11*x = 160, -2*f - x = -78. Let k be 2/(-5) + (-1712)/(-5). Calculate the highest common factor of k and f.
38
Let g(q) = q**3 + 6*q + 5. Let s = 10 - 13. Let t be g(s). Let u = 326 + t. Calculate the greatest common divisor of u and 26.
26
Suppose 0 = -x + 4*r + 1031, 2*x - 924 = -4*r + 1126. What is the highest common factor of 237 and x?
79
Let o(l) = 234*l + 16. Let c be o(1). Let y be (900/c)/((-6)/(-580)). Calculate the greatest common factor of y and 12.
12
Let u(t) = 21*t**3 - t**2. Let j be u(1). Suppose 232 = 2*y - 4*w + 5*w, -5*y + 5*w + 565 = 0. Let v = y - 45. What is the highest common divisor of v and j?
10
Suppose -83*d + 6606 = 3*x - 80*d, 0 = 4*d + 8. Calculate the greatest common factor of x and 29.
29
Suppose -5*p + 4*m = -3150, p = -28*m + 27*m + 630. What is the greatest common divisor of 189 and p?
63
Let g be (-1 + (-3)/(-2))*12496/8*1. Calculate the highest common factor of g and 568.
71
Let k be ((-21)/(-18))/(2/12). Suppose 5*h - 107 = -v, 5*v - k*v = -2*h + 38. Calculate the highest common divisor of 63 and h.
21
Suppose -k + 43 = -5*f, 79*k + 2*f = 74*k + 26. What is the greatest common factor of k and 700?
4
Let v(j) = 4*j - 86. Let h be v(22). Suppose -h*l = 5*o + l - 1362, 4*o + l = 1091. What is the greatest common divisor of o and 21?
21
Let n = -117 - -129. Let x be (3 - -8) + -13 + 16. Calculate the highest common divisor of n and x.
2
Let g be ((-14536536)/27)/(-28) + 2/(-9). What is the greatest common factor of 23 and g?
23
Let s(j) = j**3 - 17*j**2 - 20*j + 52. Let u be s(18). Let d(n) = 25*n**2 - 9*n - 14. Let l be d(-2). Calculate the highest common factor of l and u.
8
Suppose -2*h + 4*w = 2*h - 12, 0 = h - 2*w - 1. Suppose -5*z + 250 = h*r, -3*z + 11*r = 12*r - 156. Calculate the greatest common divisor of 901 and z.
53
Suppose -u + r + 371 = -1042, 5*u - 3*r - 7073 = 0. Suppose -u + 262 = -15*z. Calculate the greatest common factor of z and 22.
11
Let c = -5609 + 6254. What is the highest common divisor of 240 and c?
15
Let d = -375 - -391. Suppose 0 = -2*p - 3*p. Suppose p*i - 12 = -3*i. Calculate the greatest common divisor of d and i.
4
Let c(k) = -7*k**2 + 13*k**2 + 4 + k**3 - 2*k - 5. Let f be c(-6). Let q be -2*2/12 + 11/((-99)/(-300)). What is the highest common divisor of q and f?
11
Suppose 5*p - 1036 = -4*l, -3*l - 627 = -0*p - 3*p. Suppose 9*u + p = -53. Let i = u + 53. What is the greatest common divisor of 96 and i?
24
Let p be (-47)/4*5/((-5)/12). Let l be (-2)/4*25*-4. Let v = p - l. Calculate the greatest common factor of 13 and v.
13
Let m = 4470 - 1045. Calculate the highest common divisor of 50 and m.
25
Suppose -2*i + 1196 = 5*r, -3*r + 4*i - 7169 = -7923. Calculate the highest common divisor of 4136 and r.
22
Let l(r) = -r**3 + 5*r**2 - r - 3. Let n be l(4). Let u = -171 + 247. Let z = -40 + u. Calculate the highest common factor of n and z.
9
Let h be (-3)/3 + 34/4*-4. Let s = -43 - h. Let z = s + 36. Calculate the highest common divisor of 112 and z.
28
Let c(w) = 939*w**2 - 58*w + 72. Let f(u) = 313*u**2 - 19*u + 24. Let n(h) = 3*c(h) - 8*f(h). Let m be n(1). Calculate the greatest common factor of 42 and m.
21
Let y(i) = 22 + 2*i - 14 + 71 + 77 - 3*i. Let c be y(23). What is the greatest common factor of 57 and c?
19
Suppose 0 = 17*k - 15*k - 8. Let l = 163 + -50. Suppose -j - 59 = -s, -l = -2*s + j + 2*j. Calculate the greatest common factor of s and k.
4
Let j be (-7 - 0 - 12136/(-287)) + (-4)/14. Calculate the highest common factor of j and 315.
35
Let b be 523/7 + (-2)/(-7). Let j be ((-6)/2)/1 + -497. Let x be j/(-30)*6/4. Calculate the greatest common factor of b and x.
25
Let z be (-9296)/830*(-5)/1. Let h be (3/2)/(-3)*-532. What is the greatest common divisor of h and z?
14
Suppose 3*z = -3*k + 132, 447 - 429 = -3*k. What is the highest common factor of z and 1450?
50
Let m be (21/(-15) - -2)/((-2)/10). Let f be ((-28)/m)/((-55)/60 + 1). What is the highest common divisor of 7 and f?
7
Let j(v) = 298*v + 2100. Let o be j(-7). What is the greatest common factor of o and 406?
14
Let c(k) = 5*k + 8*k**2 - k**2 - 31 - 6*k**2. Let w be c(-12). Let n = -39 + w. Calculate the greatest common divisor of n and 21.
7
Suppose 4*a = -2*l, -11*a = -7*a + 4*l + 8. Suppose -79 = -3*c + s - 0*s, 2*c = a*s + 50. What is the highest common factor of 6 and c?
3
Suppose 0 = -10*c - 4*c. Let x be (-6)/(-6) + 4 - c. What is the highest common divisor of x and 215?
5
Let u(b) be the second derivative of -b**4/12 + 5*b**3/3 + 57*b**2/2 + 4*b - 5. Let w be u(13). What is the highest common divisor of w and 162?
18
Suppose 4*x = 3*g - 5 - 369, 0 = 3*x + 15. Let c = -767 + 809. Let w = g - c. What is th